{"id":3674,"date":"2020-12-04T13:56:40","date_gmt":"2020-12-04T12:56:40","guid":{"rendered":"https:\/\/www.serengetijoytours.cz\/?page_id=3674"},"modified":"2023-04-10T21:21:38","modified_gmt":"2023-04-10T20:21:38","slug":"ngorongoro-simba-campsite","status":"publish","type":"page","link":"https:\/\/www.kilimandzaro-safari.cz\/index.php\/ubytovani-v-tanzanii\/ngorongoro-simba-campsite\/","title":{"rendered":"Ngorongoro Simba Campsite"},"content":{"rendered":"\n<p>C\u00edlem Ngorongoro Simba Campsite je nab\u00eddnout jednoduch\u00e9 a cenov\u011b p\u0159ijateln\u00e9 ubytov\u00e1n\u00ed b\u011bhem va\u0161eho safari ve stanech v  <a href=\"https:\/\/www.kilimandzaro-safari.cz\/index.php\/o-tanzanii\/narodni-parky-v-tanzanii\/narodni-park-ngorongoro\/\">n\u00e1rodn\u00edm parku Ngorongoro<\/a><\/span> v hezk\u00e9m prost\u0159ed\u00ed v bezprost\u0159edn\u00ed bl\u00edzkosti kr\u00e1teru. <\/p>\n\n\n\n<p>Za p\u0159\u00edslu\u0161n\u00fd poplatek je v n\u011bm mo\u017en\u00e9 postavit vlastn\u00ed stan. Nach\u00e1z\u00ed se na jihoz\u00e1padn\u00edm okraji kr\u00e1teru Ngorongoro. <\/p>\n\n\n<div class=\"wp-block-image\">\n<figure class=\"aligncenter size-large\"><img loading=\"lazy\" decoding=\"async\" width=\"1024\" height=\"577\" src=\"https:\/\/www.kilimandzaro-safari.cz\/wp-content\/uploads\/2023\/04\/20230318_175625-1-1024x577.jpg\" alt=\"\" class=\"wp-image-6150\" srcset=\"https:\/\/www.kilimandzaro-safari.cz\/wp-content\/uploads\/2023\/04\/20230318_175625-1-1024x577.jpg 1024w, https:\/\/www.kilimandzaro-safari.cz\/wp-content\/uploads\/2023\/04\/20230318_175625-1-300x169.jpg 300w, https:\/\/www.kilimandzaro-safari.cz\/wp-content\/uploads\/2023\/04\/20230318_175625-1-768x432.jpg 768w, https:\/\/www.kilimandzaro-safari.cz\/wp-content\/uploads\/2023\/04\/20230318_175625-1-1536x865.jpg 1536w, https:\/\/www.kilimandzaro-safari.cz\/wp-content\/uploads\/2023\/04\/20230318_175625-1-2048x1153.jpg 2048w\" sizes=\"auto, (max-width: 1024px) 100vw, 1024px\" \/><\/figure>\n<\/div>\n\n\n<p>V m\u00edst\u011b jsou k dispozici ve\u0159ejn\u00e9 WC a um\u00fdv\u00e1rna s umyvadly a se sprchami s teplou vodou. Ov\u0161em z\u00e1soby tepl\u00e9 vody nejsou v \u017e\u00e1dn\u00e9m kempu neomezen\u00e9, tak\u017ee ve\u010der kdo d\u0159\u00edv p\u0159ijde, ten vyhr\u00e1v\u00e1 teplej\u0161\u00ed vodu&#8230;<\/p>\n\n\n\n<p>Sou\u010d\u00e1st\u00ed are\u00e1lu je i zd\u011bn\u00e1 budova na p\u0159\u00edpravu j\u00eddla a prostorn\u00e1 spole\u010dn\u00e1 j\u00eddelna. Toto z\u00e1zem\u00ed bylo postaveno ned\u00e1vno a je ve srovn\u00e1n\u00ed s ostatn\u00edmi kempy relativn\u011b nov\u00e9 a hezk\u00e9. Nap\u0159\u00edklad ve sprch\u00e1ch najdete t\u0159\u00edpolohov\u00e9 hlavice a na z\u00e1chod\u011b nov\u00e9 kachli\u010dky a bidetky.<\/p>\n\n\n<div class=\"wp-block-image\">\n<figure class=\"aligncenter size-large\"><img loading=\"lazy\" decoding=\"async\" width=\"1022\" height=\"543\" src=\"https:\/\/www.kilimandzaro-safari.cz\/wp-content\/uploads\/2020\/12\/Kuchyn-a-jidlena.jpg\" alt=\"\" class=\"wp-image-3680\" srcset=\"https:\/\/www.kilimandzaro-safari.cz\/wp-content\/uploads\/2020\/12\/Kuchyn-a-jidlena.jpg 1022w, https:\/\/www.kilimandzaro-safari.cz\/wp-content\/uploads\/2020\/12\/Kuchyn-a-jidlena-300x159.jpg 300w, https:\/\/www.kilimandzaro-safari.cz\/wp-content\/uploads\/2020\/12\/Kuchyn-a-jidlena-768x408.jpg 768w\" sizes=\"auto, (max-width: 1022px) 100vw, 1022px\" \/><figcaption class=\"wp-element-caption\"><em>Z\u00e1zem\u00ed pro kucha\u0159e<\/em><\/figcaption><\/figure>\n<\/div>\n\n\n<p>K dispozici je elekt\u0159ina, kter\u00e1 nap\u00e1j\u00ed tak\u00e9 osv\u011btlen\u00ed spole\u010dn\u00fdch prostor a z\u00e1suvky pro dob\u00edjen\u00ed va\u0161ich telefon\u016f a dal\u0161\u00edch p\u0159\u00edstroj\u016f.<\/p>\n\n\n\n<p>K dispozici je v j\u00eddeln\u011b i wifi, ov\u0161em tak jako na \u0159ad\u011b m\u00edst v Tanzanii, p\u0159ipojen\u00ed nen\u00ed nijak rychl\u00e9 ani spolehliv\u00e9. V\u00fdpadky nelze vylou\u010dit.<\/p>\n\n\n\n<p>Kemp Simba je velk\u00fd ve\u0159ejn\u00fd kemp. V obdob\u00ed hlavn\u00ed sez\u00f3ny o pr\u00e1zdnin\u00e1ch se v n\u011bm m\u016f\u017ee sej\u00edt v\u011bt\u0161\u00ed mno\u017estv\u00ed lid\u00ed. Panuje v n\u011bm ale obvykle p\u0159\u00e1telsk\u00e1 a p\u0159\u00edjemn\u00e1 atmosf\u00e9ra.<\/p>\n\n\n\n<div class=\"wp-block-jetpack-slideshow aligncenter\" data-autoplay=\"true\" data-delay=\"3\" data-effect=\"slide\"><div class=\"wp-block-jetpack-slideshow_container swiper-container\"><ul class=\"wp-block-jetpack-slideshow_swiper-wrapper swiper-wrapper\"><li class=\"wp-block-jetpack-slideshow_slide swiper-slide\"><figure><img loading=\"lazy\" decoding=\"async\" width=\"1015\" height=\"636\" alt=\"\" class=\"wp-block-jetpack-slideshow_image wp-image-3682\" data-id=\"3682\" src=\"https:\/\/www.kilimandzaro-safari.cz\/wp-content\/uploads\/2020\/12\/ready-for-the-evening.jpg\" srcset=\"https:\/\/www.kilimandzaro-safari.cz\/wp-content\/uploads\/2020\/12\/ready-for-the-evening.jpg 1015w, https:\/\/www.kilimandzaro-safari.cz\/wp-content\/uploads\/2020\/12\/ready-for-the-evening-300x188.jpg 300w, https:\/\/www.kilimandzaro-safari.cz\/wp-content\/uploads\/2020\/12\/ready-for-the-evening-768x481.jpg 768w\" sizes=\"(max-width: 1015px) 100vw, 1015px\" \/><\/figure><\/li><li class=\"wp-block-jetpack-slideshow_slide swiper-slide\"><figure><img loading=\"lazy\" decoding=\"async\" width=\"1024\" height=\"640\" alt=\"V Ngorongoro Simba Campsite nen\u00ed o spole\u010dnost nouzi\" class=\"wp-block-jetpack-slideshow_image wp-image-3684\" data-id=\"3684\" src=\"https:\/\/www.kilimandzaro-safari.cz\/wp-content\/uploads\/2020\/12\/Stany-piknik.jpg\" srcset=\"https:\/\/www.kilimandzaro-safari.cz\/wp-content\/uploads\/2020\/12\/Stany-piknik.jpg 1024w, https:\/\/www.kilimandzaro-safari.cz\/wp-content\/uploads\/2020\/12\/Stany-piknik-300x188.jpg 300w, https:\/\/www.kilimandzaro-safari.cz\/wp-content\/uploads\/2020\/12\/Stany-piknik-768x480.jpg 768w\" sizes=\"(max-width: 1024px) 100vw, 1024px\" \/><\/figure><\/li><\/ul><a class=\"wp-block-jetpack-slideshow_button-prev swiper-button-prev swiper-button-white\" role=\"button\"><\/a><a class=\"wp-block-jetpack-slideshow_button-next swiper-button-next swiper-button-white\" role=\"button\"><\/a><a aria-label=\"Pause Slideshow\" class=\"wp-block-jetpack-slideshow_button-pause\" role=\"button\"><\/a><div class=\"wp-block-jetpack-slideshow_pagination swiper-pagination swiper-pagination-white\"><\/div><\/div><\/div>\n\n\n\n<p><\/p>\n\n\n\n<p><\/p>\n\n\n\n<p>Ve\u010der je mo\u017en\u00e9 nav\u0161t\u00edvit j\u00eddelnu s barem a u\u017e\u00edt si spole\u010dnost ostatn\u00edch safari turist\u016f.<\/p>\n\n\n\n<figure class=\"wp-block-image size-large\"><img loading=\"lazy\" decoding=\"async\" width=\"1024\" height=\"576\" src=\"https:\/\/www.kilimandzaro-safari.cz\/wp-content\/uploads\/2023\/04\/20230318_175056-1024x576.jpg\" alt=\"\" class=\"wp-image-6144\" srcset=\"https:\/\/www.kilimandzaro-safari.cz\/wp-content\/uploads\/2023\/04\/20230318_175056-1024x576.jpg 1024w, https:\/\/www.kilimandzaro-safari.cz\/wp-content\/uploads\/2023\/04\/20230318_175056-300x169.jpg 300w, https:\/\/www.kilimandzaro-safari.cz\/wp-content\/uploads\/2023\/04\/20230318_175056-768x432.jpg 768w, https:\/\/www.kilimandzaro-safari.cz\/wp-content\/uploads\/2023\/04\/20230318_175056-1536x864.jpg 1536w, https:\/\/www.kilimandzaro-safari.cz\/wp-content\/uploads\/2023\/04\/20230318_175056-2048x1152.jpg 2048w\" sizes=\"auto, (max-width: 1024px) 100vw, 1024px\" \/><\/figure>\n\n\n\n<p>Kv\u016fli nadmo\u0159sk\u00e9 v\u00fd\u0161ce m\u016f\u017eou b\u00fdt v noci a r\u00e1no na okraji kr\u00e1teru Ngorongoro docela n\u00edzk\u00e9 teploty, proto doporu\u010dujeme do stanu kvalitn\u00ed spac\u00e1ky a tepl\u00e9 oble\u010den\u00ed na rann\u00ed sjezd do dna kr\u00e1teru. <\/p>\n\n\n\n<p>Jen kousek p\u011b\u0161ky od kempu se nach\u00e1z\u00ed m\u00edsta s ohromuj\u00edc\u00edm v\u00fdhledem do kr\u00e1teru Ngorongoro.<\/p>\n\n\n\n<p>V Simba Campsite neo\u010dek\u00e1vejte komfort, ale z\u00e1zem\u00ed pro safari ve stanech dostate\u010dn\u00e9 kvality a sep\u011bt\u00ed s p\u0159\u00edrodou. V noci za\u017eijete n\u00e1dhern\u00e9 zvuky Afriky v\u010detn\u011b pobl\u00ed\u017e se potuluj\u00edc\u00edch divok\u00fdch zv\u00ed\u0159at a z\u00e1\u0159\u00edc\u00ed hv\u011bzdy nad v\u00e1mi. Vzhledem k tomu, \u017ee kemp nen\u00ed oplocen\u00fd, je t\u0159eba v noci dodr\u017eovat z\u00e1kladn\u00ed bezpe\u010dnostn\u00ed opat\u0159en\u00ed a pokyny va\u0161eho pr\u016fvodce.<\/p>\n\n\n\n<figure class=\"wp-block-image size-large\"><img loading=\"lazy\" decoding=\"async\" width=\"1024\" height=\"576\" src=\"https:\/\/www.kilimandzaro-safari.cz\/wp-content\/uploads\/2020\/12\/simba-campsite-zebry.jpg\" alt=\"Ob\u010das se divok\u00e1 zv\u00ed\u0159ata zatoulaj\u00ed a\u017e do kempu\" class=\"wp-image-3683\" title=\"Ob\u010das se divok\u00e1 zv\u00ed\u0159ata zatoulaj\u00ed a\u017e do kempu\" srcset=\"https:\/\/www.kilimandzaro-safari.cz\/wp-content\/uploads\/2020\/12\/simba-campsite-zebry.jpg 1024w, https:\/\/www.kilimandzaro-safari.cz\/wp-content\/uploads\/2020\/12\/simba-campsite-zebry-300x169.jpg 300w, https:\/\/www.kilimandzaro-safari.cz\/wp-content\/uploads\/2020\/12\/simba-campsite-zebry-768x432.jpg 768w\" sizes=\"auto, (max-width: 1024px) 100vw, 1024px\" \/><figcaption class=\"wp-element-caption\"><em>Ob\u010das se divok\u00e1 zv\u00ed\u0159ata zatoulaj\u00ed a\u017e do kempu<\/em><\/figcaption><\/figure>\n\n\n\n<h2 class=\"wp-block-heading\">V\u00edce informac\u00ed o Ngorongoro Simba Campsite<\/h2>\n\n\n\n<ul class=\"wp-block-list\">\n<li> <a href=\"https:\/\/www.tripadvisor.cz\/Hotel_Review-g317085-d8458640-Reviews-Ngorongoro_Simba_Campsite-Ngorongoro_Conservation_Area_Arusha_Region.html\" target=\"_blank\" rel=\"noreferrer noopener\">Reference na Trip Advisor<\/a><\/span> &#8211; z\u00e1kazn\u00edci mu dali dobr\u00e9 hodnocen\u00ed 3,5 z 5 mo\u017en\u00fdch. Oce\u0148uj\u00ed p\u0159edev\u0161\u00edm lokalitu a pom\u011br mezi kvalitou a cenou.<\/li>\n<\/ul>\n\n\n\n<h2 class=\"wp-block-heading\">Nab\u00eddka safari<\/h2>\n\n\n\n<p>Pokud se zaj\u00edm\u00e1te o dovolenou v Tanzanii se safari v\u00fdlety, m\u016f\u017eete se pod\u00edvat na kompletn\u00ed  <a href=\"https:\/\/www.kilimandzaro-safari.cz\/index.php\/vyberte-dovolenou\/safari-nejen-v-serengeti\/\">nab\u00eddku standardn\u00edch safari program\u016f<\/a><\/span> od Meru Slopes.<\/p>\n\n\n\n<p>Doporu\u010den\u00e9 programy kter\u00e9 mohou zahrnovat ubytov\u00e1n\u00ed v Ngorongoro Simba Campsite:<\/p>\n\n\n\n<ul class=\"wp-block-list\">\n<li><a href=\"https:\/\/www.kilimandzaro-safari.cz\/index.php\/vyberte-dovolenou\/safari-nejen-v-serengeti\/3-dny-dve-noci-dve-perly-tanzanie-serengeti-a-ngorongoro-ve-stanech\/\"> 3 dny \u201eDv\u011b noci, dv\u011b perly Tanz\u00e1nie\u201c \u2013 Serengeti a Ngorongoro<\/span><\/a> (doporu\u010deno)<\/li>\n\n\n\n<li><a href=\"https:\/\/www.kilimandzaro-safari.cz\/index.php\/vyberte-dovolenou\/safari-nejen-v-serengeti\/4-dny-rozsireny-okruh-to-nejlepsi-ze-severni-tanzanie-ve-stanech\/\"> 4 dny roz\u0161\u00ed\u0159en\u00fd okruh &#8211; to nejlep\u0161\u00ed ze severn\u00ed Tanzanie<\/span><\/a> (doporu\u010deno, popul\u00e1rn\u00ed)<\/li>\n\n\n\n<li><a href=\"https:\/\/www.kilimandzaro-safari.cz\/index.php\/vyberte-dovolenou\/safari-nejen-v-serengeti\/5-dni-see-it-all-okruh-ctyri-hlavni-parky-v-severni-tanzanii-ve-stanech\/\"> 5 dn\u00ed \u201eSee It All\u201c okruh \u2013 \u010dty\u0159i hlavn\u00ed parky v severn\u00ed Tanzanii<\/span><\/a> (doporu\u010deno)<\/li>\n<\/ul>\n\n\n\n<p>Pokud by v\u00e1m nevyhovovaly na\u0161e standardn\u00ed safari programy, r\u00e1di v\u00e1m p\u0159iprav\u00edme program na m\u00edru, p\u0159esn\u011b podle va\u0161ich po\u017eadavk\u016f.<\/p>\n\n\n<div class=\"su-button-center\"><a href=\"https:\/\/www.kilimandzaro-safari.cz\/index.php\/kontaktujte-nas\/\" class=\"su-button su-button-style-default\" style=\"color:#FFFFFF;background-color:#D20A0A;border-color:#a80808;border-radius:5px\" target=\"_self\"><span style=\"color:#FFFFFF;padding:0px 20px;font-size:16px;line-height:32px;border-color:#e05454;border-radius:5px;text-shadow:none\"> M\u00c1M Z\u00c1JEM O NAB\u00cdDKU NA SAFARI <\/span><\/a><\/div>\n\n\n\n<p><\/p>\n\n\n\n<p><\/p>\n","protected":false},"excerpt":{"rendered":"<p>C\u00edlem Ngorongoro Simba Campsite je nab\u00eddnout jednoduch\u00e9 a cenov\u011b p\u0159ijateln\u00e9 ubytov\u00e1n\u00ed b\u011bhem va\u0161eho safari ve stanech v n\u00e1rodn\u00edm parku Ngorongoro v hezk\u00e9m prost\u0159ed\u00ed v bezprost\u0159edn\u00ed bl\u00edzkosti kr\u00e1teru. Za p\u0159\u00edslu\u0161n\u00fd poplatek je v n\u011bm mo\u017en\u00e9 postavit vlastn\u00ed stan. Nach\u00e1z\u00ed se na jihoz\u00e1padn\u00edm okraji kr\u00e1teru Ngorongoro. V m\u00edst\u011b jsou k dispozici ve\u0159ejn\u00e9 WC a um\u00fdv\u00e1rna s umyvadly&#8230;<\/p>\n","protected":false},"author":1,"featured_media":0,"parent":2300,"menu_order":6,"comment_status":"closed","ping_status":"closed","template":"","meta":{"_monsterinsights_skip_tracking":false,"_monsterinsights_sitenote_active":false,"_monsterinsights_sitenote_note":"","_monsterinsights_sitenote_category":0,"_kad_post_transparent":"","_kad_post_title":"","_kad_post_layout":"","_kad_post_sidebar_id":"","_kad_post_content_style":"","_kad_post_vertical_padding":"","_kad_post_feature":"","_kad_post_feature_position":"","_kad_post_header":false,"_kad_post_footer":false,"_kad_post_classname":"","jetpack_post_was_ever_published":false,"footnotes":""},"class_list":["post-3674","page","type-page","status-publish","hentry"],"yoast_head":"<!-- This site is optimized with the Yoast SEO plugin v27.5 - https:\/\/yoast.com\/product\/yoast-seo-wordpress\/ -->\n<title>Ngorongoro Simba Campsite - DOVOLEN\u00c1 V TANZANII<\/title>\n<meta name=\"description\" content=\"V Ngorongoro Simba Campsite neo\u010dek\u00e1vejte komfort, ale dobrodru\u017estv\u00ed a sep\u011bt\u00ed s p\u0159\u00edrodou. V noci za\u017eijete n\u00e1dhern\u00e9 zvuky Afriky a z\u00e1\u0159\u00edc\u00ed hv\u011bzdy nad v\u00e1mi.\" \/>\n<meta name=\"robots\" content=\"index, follow, max-snippet:-1, max-image-preview:large, max-video-preview:-1\" \/>\n<link rel=\"canonical\" href=\"https:\/\/www.kilimandzaro-safari.cz\/index.php\/ubytovani-v-tanzanii\/ngorongoro-simba-campsite\/\" \/>\n<meta property=\"og:locale\" content=\"cs_CZ\" \/>\n<meta property=\"og:type\" content=\"article\" \/>\n<meta property=\"og:title\" content=\"Ngorongoro Simba Campsite - DOVOLEN\u00c1 V TANZANII\" \/>\n<meta property=\"og:description\" content=\"V Ngorongoro Simba Campsite neo\u010dek\u00e1vejte komfort, ale dobrodru\u017estv\u00ed a sep\u011bt\u00ed s p\u0159\u00edrodou. V noci za\u017eijete n\u00e1dhern\u00e9 zvuky Afriky a z\u00e1\u0159\u00edc\u00ed hv\u011bzdy nad v\u00e1mi.\" \/>\n<meta property=\"og:url\" content=\"https:\/\/www.kilimandzaro-safari.cz\/index.php\/ubytovani-v-tanzanii\/ngorongoro-simba-campsite\/\" \/>\n<meta property=\"og:site_name\" content=\"DOVOLEN\u00c1 V TANZANII\" \/>\n<meta property=\"article:modified_time\" content=\"2023-04-10T20:21:38+00:00\" \/>\n<meta property=\"og:image\" content=\"https:\/\/www.kilimandzaro-safari.cz\/wp-content\/uploads\/2023\/04\/20230318_175625-1-scaled.jpg\" \/>\n\t<meta property=\"og:image:width\" content=\"2560\" \/>\n\t<meta property=\"og:image:height\" content=\"1442\" \/>\n\t<meta property=\"og:image:type\" content=\"image\/jpeg\" \/>\n<meta name=\"twitter:card\" content=\"summary_large_image\" \/>\n<meta name=\"twitter:label1\" content=\"Odhadovan\u00e1 doba \u010dten\u00ed\" \/>\n\t<meta name=\"twitter:data1\" content=\"4 minuty\" \/>\n<script type=\"application\/ld+json\" class=\"yoast-schema-graph\">{\"@context\":\"https:\\\/\\\/schema.org\",\"@graph\":[{\"@type\":\"WebPage\",\"@id\":\"https:\\\/\\\/www.kilimandzaro-safari.cz\\\/index.php\\\/ubytovani-v-tanzanii\\\/ngorongoro-simba-campsite\\\/\",\"url\":\"https:\\\/\\\/www.kilimandzaro-safari.cz\\\/index.php\\\/ubytovani-v-tanzanii\\\/ngorongoro-simba-campsite\\\/\",\"name\":\"Ngorongoro Simba Campsite - DOVOLEN\u00c1 V TANZANII\",\"isPartOf\":{\"@id\":\"https:\\\/\\\/www.kilimandzaro-safari.cz\\\/#website\"},\"primaryImageOfPage\":{\"@id\":\"https:\\\/\\\/www.kilimandzaro-safari.cz\\\/index.php\\\/ubytovani-v-tanzanii\\\/ngorongoro-simba-campsite\\\/#primaryimage\"},\"image\":{\"@id\":\"https:\\\/\\\/www.kilimandzaro-safari.cz\\\/index.php\\\/ubytovani-v-tanzanii\\\/ngorongoro-simba-campsite\\\/#primaryimage\"},\"thumbnailUrl\":\"https:\\\/\\\/www.kilimandzaro-safari.cz\\\/wp-content\\\/uploads\\\/2023\\\/04\\\/20230318_175625-1-1024x577.jpg\",\"datePublished\":\"2020-12-04T12:56:40+00:00\",\"dateModified\":\"2023-04-10T20:21:38+00:00\",\"description\":\"V Ngorongoro Simba Campsite neo\u010dek\u00e1vejte komfort, ale dobrodru\u017estv\u00ed a sep\u011bt\u00ed s p\u0159\u00edrodou. V noci za\u017eijete n\u00e1dhern\u00e9 zvuky Afriky a z\u00e1\u0159\u00edc\u00ed hv\u011bzdy nad v\u00e1mi.\",\"breadcrumb\":{\"@id\":\"https:\\\/\\\/www.kilimandzaro-safari.cz\\\/index.php\\\/ubytovani-v-tanzanii\\\/ngorongoro-simba-campsite\\\/#breadcrumb\"},\"inLanguage\":\"cs\",\"potentialAction\":[{\"@type\":\"ReadAction\",\"target\":[\"https:\\\/\\\/www.kilimandzaro-safari.cz\\\/index.php\\\/ubytovani-v-tanzanii\\\/ngorongoro-simba-campsite\\\/\"]}]},{\"@type\":\"ImageObject\",\"inLanguage\":\"cs\",\"@id\":\"https:\\\/\\\/www.kilimandzaro-safari.cz\\\/index.php\\\/ubytovani-v-tanzanii\\\/ngorongoro-simba-campsite\\\/#primaryimage\",\"url\":\"https:\\\/\\\/www.kilimandzaro-safari.cz\\\/wp-content\\\/uploads\\\/2023\\\/04\\\/20230318_175625-1-scaled.jpg\",\"contentUrl\":\"https:\\\/\\\/www.kilimandzaro-safari.cz\\\/wp-content\\\/uploads\\\/2023\\\/04\\\/20230318_175625-1-scaled.jpg\",\"width\":2560,\"height\":1442},{\"@type\":\"BreadcrumbList\",\"@id\":\"https:\\\/\\\/www.kilimandzaro-safari.cz\\\/index.php\\\/ubytovani-v-tanzanii\\\/ngorongoro-simba-campsite\\\/#breadcrumb\",\"itemListElement\":[{\"@type\":\"ListItem\",\"position\":1,\"name\":\"Dom\u016f\",\"item\":\"https:\\\/\\\/www.kilimandzaro-safari.cz\\\/\"},{\"@type\":\"ListItem\",\"position\":2,\"name\":\"Ubytov\u00e1n\u00ed v Tanzanii\",\"item\":\"https:\\\/\\\/www.kilimandzaro-safari.cz\\\/index.php\\\/ubytovani-v-tanzanii\\\/\"},{\"@type\":\"ListItem\",\"position\":3,\"name\":\"Ngorongoro Simba Campsite\"}]},{\"@type\":\"WebSite\",\"@id\":\"https:\\\/\\\/www.kilimandzaro-safari.cz\\\/#website\",\"url\":\"https:\\\/\\\/www.kilimandzaro-safari.cz\\\/\",\"name\":\"DOVOLEN\u00c1 V TANZANII\",\"description\":\"Exotick\u00e1 dovolen\u00e1 v Tanzanii za atraktivn\u00ed ceny od m\u00edstn\u00ed CK. V\u00fdstup na Kilimand\u017e\u00e1ro a Mt. Meru, safari v Serengeti, Ngorongoro a dal\u0161\u00edch parc\u00edch, trek za \u0161impanzi, n\u00e1v\u0161t\u011bva Masaj\u016f i pobyt na kr\u00e1sn\u00fdch pl\u00e1\u017e\u00edch ostrova Zanzibar. Program na m\u00edru.\",\"publisher\":{\"@id\":\"https:\\\/\\\/www.kilimandzaro-safari.cz\\\/#organization\"},\"potentialAction\":[{\"@type\":\"SearchAction\",\"target\":{\"@type\":\"EntryPoint\",\"urlTemplate\":\"https:\\\/\\\/www.kilimandzaro-safari.cz\\\/?s={search_term_string}\"},\"query-input\":{\"@type\":\"PropertyValueSpecification\",\"valueRequired\":true,\"valueName\":\"search_term_string\"}}],\"inLanguage\":\"cs\"},{\"@type\":\"Organization\",\"@id\":\"https:\\\/\\\/www.kilimandzaro-safari.cz\\\/#organization\",\"name\":\"DOVOLEN\u00c1 V TANZANII\",\"url\":\"https:\\\/\\\/www.kilimandzaro-safari.cz\\\/\",\"logo\":{\"@type\":\"ImageObject\",\"inLanguage\":\"cs\",\"@id\":\"https:\\\/\\\/www.kilimandzaro-safari.cz\\\/#\\\/schema\\\/logo\\\/image\\\/\",\"url\":\"https:\\\/\\\/www.kilimandzaro-safari.cz\\\/wp-content\\\/uploads\\\/2025\\\/02\\\/rsz_merulogo.jpg\",\"contentUrl\":\"https:\\\/\\\/www.kilimandzaro-safari.cz\\\/wp-content\\\/uploads\\\/2025\\\/02\\\/rsz_merulogo.jpg\",\"width\":782,\"height\":381,\"caption\":\"DOVOLEN\u00c1 V TANZANII\"},\"image\":{\"@id\":\"https:\\\/\\\/www.kilimandzaro-safari.cz\\\/#\\\/schema\\\/logo\\\/image\\\/\"}}]}<\/script>\n<!-- \/ Yoast SEO plugin. -->","yoast_head_json":{"title":"Ngorongoro Simba Campsite - DOVOLEN\u00c1 V TANZANII","description":"V Ngorongoro Simba Campsite neo\u010dek\u00e1vejte komfort, ale dobrodru\u017estv\u00ed a sep\u011bt\u00ed s p\u0159\u00edrodou. V noci za\u017eijete n\u00e1dhern\u00e9 zvuky Afriky a z\u00e1\u0159\u00edc\u00ed hv\u011bzdy nad v\u00e1mi.","robots":{"index":"index","follow":"follow","max-snippet":"max-snippet:-1","max-image-preview":"max-image-preview:large","max-video-preview":"max-video-preview:-1"},"canonical":"https:\/\/www.kilimandzaro-safari.cz\/index.php\/ubytovani-v-tanzanii\/ngorongoro-simba-campsite\/","og_locale":"cs_CZ","og_type":"article","og_title":"Ngorongoro Simba Campsite - DOVOLEN\u00c1 V TANZANII","og_description":"V Ngorongoro Simba Campsite neo\u010dek\u00e1vejte komfort, ale dobrodru\u017estv\u00ed a sep\u011bt\u00ed s p\u0159\u00edrodou. V noci za\u017eijete n\u00e1dhern\u00e9 zvuky Afriky a z\u00e1\u0159\u00edc\u00ed hv\u011bzdy nad v\u00e1mi.","og_url":"https:\/\/www.kilimandzaro-safari.cz\/index.php\/ubytovani-v-tanzanii\/ngorongoro-simba-campsite\/","og_site_name":"DOVOLEN\u00c1 V TANZANII","article_modified_time":"2023-04-10T20:21:38+00:00","og_image":[{"width":2560,"height":1442,"url":"https:\/\/www.kilimandzaro-safari.cz\/wp-content\/uploads\/2023\/04\/20230318_175625-1-scaled.jpg","type":"image\/jpeg"}],"twitter_card":"summary_large_image","twitter_misc":{"Odhadovan\u00e1 doba \u010dten\u00ed":"4 minuty"},"schema":{"@context":"https:\/\/schema.org","@graph":[{"@type":"WebPage","@id":"https:\/\/www.kilimandzaro-safari.cz\/index.php\/ubytovani-v-tanzanii\/ngorongoro-simba-campsite\/","url":"https:\/\/www.kilimandzaro-safari.cz\/index.php\/ubytovani-v-tanzanii\/ngorongoro-simba-campsite\/","name":"Ngorongoro Simba Campsite - DOVOLEN\u00c1 V TANZANII","isPartOf":{"@id":"https:\/\/www.kilimandzaro-safari.cz\/#website"},"primaryImageOfPage":{"@id":"https:\/\/www.kilimandzaro-safari.cz\/index.php\/ubytovani-v-tanzanii\/ngorongoro-simba-campsite\/#primaryimage"},"image":{"@id":"https:\/\/www.kilimandzaro-safari.cz\/index.php\/ubytovani-v-tanzanii\/ngorongoro-simba-campsite\/#primaryimage"},"thumbnailUrl":"https:\/\/www.kilimandzaro-safari.cz\/wp-content\/uploads\/2023\/04\/20230318_175625-1-1024x577.jpg","datePublished":"2020-12-04T12:56:40+00:00","dateModified":"2023-04-10T20:21:38+00:00","description":"V Ngorongoro Simba Campsite neo\u010dek\u00e1vejte komfort, ale dobrodru\u017estv\u00ed a sep\u011bt\u00ed s p\u0159\u00edrodou. V noci za\u017eijete n\u00e1dhern\u00e9 zvuky Afriky a z\u00e1\u0159\u00edc\u00ed hv\u011bzdy nad v\u00e1mi.","breadcrumb":{"@id":"https:\/\/www.kilimandzaro-safari.cz\/index.php\/ubytovani-v-tanzanii\/ngorongoro-simba-campsite\/#breadcrumb"},"inLanguage":"cs","potentialAction":[{"@type":"ReadAction","target":["https:\/\/www.kilimandzaro-safari.cz\/index.php\/ubytovani-v-tanzanii\/ngorongoro-simba-campsite\/"]}]},{"@type":"ImageObject","inLanguage":"cs","@id":"https:\/\/www.kilimandzaro-safari.cz\/index.php\/ubytovani-v-tanzanii\/ngorongoro-simba-campsite\/#primaryimage","url":"https:\/\/www.kilimandzaro-safari.cz\/wp-content\/uploads\/2023\/04\/20230318_175625-1-scaled.jpg","contentUrl":"https:\/\/www.kilimandzaro-safari.cz\/wp-content\/uploads\/2023\/04\/20230318_175625-1-scaled.jpg","width":2560,"height":1442},{"@type":"BreadcrumbList","@id":"https:\/\/www.kilimandzaro-safari.cz\/index.php\/ubytovani-v-tanzanii\/ngorongoro-simba-campsite\/#breadcrumb","itemListElement":[{"@type":"ListItem","position":1,"name":"Dom\u016f","item":"https:\/\/www.kilimandzaro-safari.cz\/"},{"@type":"ListItem","position":2,"name":"Ubytov\u00e1n\u00ed v Tanzanii","item":"https:\/\/www.kilimandzaro-safari.cz\/index.php\/ubytovani-v-tanzanii\/"},{"@type":"ListItem","position":3,"name":"Ngorongoro Simba Campsite"}]},{"@type":"WebSite","@id":"https:\/\/www.kilimandzaro-safari.cz\/#website","url":"https:\/\/www.kilimandzaro-safari.cz\/","name":"DOVOLEN\u00c1 V TANZANII","description":"Exotick\u00e1 dovolen\u00e1 v Tanzanii za atraktivn\u00ed ceny od m\u00edstn\u00ed CK. V\u00fdstup na Kilimand\u017e\u00e1ro a Mt. Meru, safari v Serengeti, Ngorongoro a dal\u0161\u00edch parc\u00edch, trek za \u0161impanzi, n\u00e1v\u0161t\u011bva Masaj\u016f i pobyt na kr\u00e1sn\u00fdch pl\u00e1\u017e\u00edch ostrova Zanzibar. Program na m\u00edru.","publisher":{"@id":"https:\/\/www.kilimandzaro-safari.cz\/#organization"},"potentialAction":[{"@type":"SearchAction","target":{"@type":"EntryPoint","urlTemplate":"https:\/\/www.kilimandzaro-safari.cz\/?s={search_term_string}"},"query-input":{"@type":"PropertyValueSpecification","valueRequired":true,"valueName":"search_term_string"}}],"inLanguage":"cs"},{"@type":"Organization","@id":"https:\/\/www.kilimandzaro-safari.cz\/#organization","name":"DOVOLEN\u00c1 V TANZANII","url":"https:\/\/www.kilimandzaro-safari.cz\/","logo":{"@type":"ImageObject","inLanguage":"cs","@id":"https:\/\/www.kilimandzaro-safari.cz\/#\/schema\/logo\/image\/","url":"https:\/\/www.kilimandzaro-safari.cz\/wp-content\/uploads\/2025\/02\/rsz_merulogo.jpg","contentUrl":"https:\/\/www.kilimandzaro-safari.cz\/wp-content\/uploads\/2025\/02\/rsz_merulogo.jpg","width":782,"height":381,"caption":"DOVOLEN\u00c1 V TANZANII"},"image":{"@id":"https:\/\/www.kilimandzaro-safari.cz\/#\/schema\/logo\/image\/"}}]}},"jetpack_sharing_enabled":true,"jetpack_shortlink":"https:\/\/wp.me\/PapSWj-Xg","_links":{"self":[{"href":"https:\/\/www.kilimandzaro-safari.cz\/index.php\/wp-json\/wp\/v2\/pages\/3674","targetHints":{"allow":["GET"]}}],"collection":[{"href":"https:\/\/www.kilimandzaro-safari.cz\/index.php\/wp-json\/wp\/v2\/pages"}],"about":[{"href":"https:\/\/www.kilimandzaro-safari.cz\/index.php\/wp-json\/wp\/v2\/types\/page"}],"author":[{"embeddable":true,"href":"https:\/\/www.kilimandzaro-safari.cz\/index.php\/wp-json\/wp\/v2\/users\/1"}],"replies":[{"embeddable":true,"href":"https:\/\/www.kilimandzaro-safari.cz\/index.php\/wp-json\/wp\/v2\/comments?post=3674"}],"version-history":[{"count":28,"href":"https:\/\/www.kilimandzaro-safari.cz\/index.php\/wp-json\/wp\/v2\/pages\/3674\/revisions"}],"predecessor-version":[{"id":6158,"href":"https:\/\/www.kilimandzaro-safari.cz\/index.php\/wp-json\/wp\/v2\/pages\/3674\/revisions\/6158"}],"up":[{"embeddable":true,"href":"https:\/\/www.kilimandzaro-safari.cz\/index.php\/wp-json\/wp\/v2\/pages\/2300"}],"wp:attachment":[{"href":"https:\/\/www.kilimandzaro-safari.cz\/index.php\/wp-json\/wp\/v2\/media?parent=3674"}],"curies":[{"name":"wp","href":"https:\/\/api.w.org\/{rel}","templated":true}]}}